actor of 405 and m?
45
Let z be (-2)/((-8)/(-6)) - 2664/(-48). Suppose 236 = 5*f + p, 0 = 4*f + 4*p - 88 - 88. Calculate the highest common factor of f and z.
6
Let q(h) = 5340*h**3 - 32*h**2 + 30*h + 1. Let v be q(1). What is the highest common divisor of 57 and v?
19
Suppose 135 = -l + 6*l. Suppose 46 = 23*v + 621. Let f = v + l. What is the greatest common divisor of f and 5?
1
Let m(n) = -3*n - 18. Let v(l) = -4*l - 17. Let k(o) = -5*m(o) + 4*v(o). Let d be k(9). Let p = 1 + d. What is the highest common divisor of p and 2?
2
Let y(b) = 26*b. Let j be y(1). Let d = 66 - 63. Suppose -429 = -d*f + 195. Calculate the greatest common divisor of f and j.
26
Let i be 2 - 8 - 91/(-7). Suppose 8*t - 56 = i*t. Calculate the greatest common factor of 24 and t.
8
Let i be ((-10)/(-4) - 2)/((-12)/3288). Let m = i + 142. Suppose -3*p = -3*s - 27, -p - 2*p - s + 11 = 0. Calculate the highest common factor of p and m.
5
Suppose 9985 = 2*q + 3*k, -19*k + 16*k = -3*q + 14955. Calculate the highest common factor of 43 and q.
43
Suppose -57*y + 38883 + 37668 = 0. Calculate the highest common factor of y and 79.
79
Suppose -168*p + 5302 = -19394. Calculate the highest common factor of 56 and p.
7
Let k = -40399 + 63079. Calculate the greatest common factor of 20 and k.
20
Let p(x) = -x**2 - 13*x - 12. Let g be p(-10). Let l be 2*1*g*(-2)/8. Let v be 7/(147/l) + 118/14. Calculate the highest common factor of 8 and v.
8
Let k be ((-34)/119)/(-1) - 262/(-14). Suppose 2*v + 2*v = 3572. What is the greatest common divisor of v and k?
19
Let o be 43 - (20 - 2) - (1 + 12). What is the greatest common divisor of o and 9186?
6
Suppose 2*u - 19 = -s - 713, 5*u = 3*s + 2104. Let h = s + 978. Suppose -h = -o - 6*o. What is the highest common factor of o and 200?
40
Let x = -1546 - -1645. What is the highest common factor of x and 946?
11
Let f(h) = 4*h - 2. Let q be f(5). Let v be (-1 + 0)*(30 - -217). Let l = -245 - v. Calculate the greatest common divisor of l and q.
2
Let j be 105*((-390)/50 + 8). Suppose 1 = -3*b - 5*y, -2*y = -5*b - 5 + 24. Calculate the highest common factor of b and j.
3
Suppose 0 = -5*r + 32*d - 31*d + 86, 0 = 3*r - 5*d - 56. What is the greatest common factor of r and 3893?
17
Suppose 3*f - 324 = t, 1923*t = -3*f + 1919*t + 354. Let u(g) = g**2 + 3*g + 1. Let d be u(-5). What is the greatest common factor of f and d?
11
Let g = -4241 - -4417. What is the greatest common factor of g and 2728?
88
Let j(t) = 3*t**3 - 11*t**2 + 19*t + 7. Let x be j(2). Calculate the greatest common divisor of 1075 and x.
25
Suppose -7*n + 8*n - 1729 = -5*g, g = 5*n + 325. Let o = g + -114. Calculate the greatest common divisor of o and 42.
21
Let m(j) = -j**3 + 10*j**2 - 10*j + 6. Let s be m(6). Let z be (16/6*(-45)/(-28))/(1/28). What is the greatest common factor of s and z?
30
Suppose -3*s + 171 = -0*s. Let w be 1*-117*(-4 + 11/3). Suppose 2*y + f - w = 2*f, 3*f + 3 = 0. Calculate the highest common divisor of y and s.
19
Suppose 175*i - 2*f + 216 = 178*i, 6*i = 3*f + 432. Calculate the highest common factor of 2232 and i.
72
Suppose 10*j - 48*j = 44*j - 24928. Calculate the greatest common factor of 380 and j.
76
Suppose 0 = -2*b - 118 + 128. Suppose 3*d = 6*d + 15, 2*f - 1177 = b*d. What is the greatest common divisor of 36 and f?
36
Let d(v) = v**3 - 16*v**2 + 19*v - 27. Let p be d(15). Suppose -2*z - 74 = -2*a, p*a - 28*a = 3*z + 179. Calculate the greatest common divisor of a and 238.
34
Let m = 36 + -17. Suppose -g + z + 25 = 6*z, 0 = -2*z + 10. Suppose g = 7*o - 749 - 315. What is the highest common factor of m and o?
19
Suppose -4*a - 60 = -7*a. Let f = a - 17. Suppose -f*o + 5*o - 22 = 0. Calculate the greatest common divisor of 121 and o.
11
Let s be -1*(-1 + 0)*2. Let i be (-40 + 1 + 9)/2. Let d be (i - -12) + 45 + (-2)/s. Calculate the greatest common factor of d and 451.
41
Let l be (-3)/(5/(-21) - (-3)/18). Suppose 3*q - l = 24. What is the highest common divisor of 396 and q?
22
Let d(r) = 53*r - 4515. Let c be d(120). Calculate the greatest common divisor of 585 and c.
45
Let x = 13 - -15. Suppose 25 = 23*p - x*p, 0 = -m - p + 63. Calculate the highest common divisor of 544 and m.
68
Suppose -4*f = 5*m - 182, 4*f - 202 = 3*m + 2*m. Suppose 0 = -d + 8 + f. Let v be 2 + d - (1 + -1*3). What is the greatest common divisor of v and 24?
12
Let g(i) = i**2 + 87*i - 1036. Let n be g(-100). What is the highest common divisor of n and 11?
11
Let h(w) = -w**2 - 21*w - 4. Let m be h(-20). Let o be 28*(m/4 + 6/(-8)). Suppose 0 = 5*y - 75 + 10. What is the highest common divisor of y and o?
13
Let h(x) = 2*x**2 + 6*x - 12. Let z be h(-6). Suppose -8*i + 0 = -z. Suppose 4*q - 4 - 8 = 0. What is the highest common divisor of i and q?
3
Suppose -6*d + 66 = -0*d. Let g be (-4)/(-22) + (-1083)/(-33). Calculate the greatest common divisor of d and g.
11
Suppose 6*t + 7672 = 20*t. Let b = -525 + t. Calculate the highest common divisor of b and 621.
23
Let o be (36/8 - 4)/((-13)/(-13728)). What is the highest common factor of 154 and o?
22
Let w(h) = 5*h**2 - 39*h + 73. Let q be (2 - 20/14)/((-48)/(-168)). Let f be w(q). Calculate the highest common divisor of f and 285.
15
Let x = 280 + -185. Let t(i) = x + 93 - 3*i - 169. Let s be t(-6). Calculate the highest common divisor of s and 259.
37
Suppose -30 = -3*o + 84. Suppose o = 15*z - 52. What is the greatest common factor of z and 62?
2
Let i(h) = 10*h**2 + 353*h - 29. Let o be i(-37). Calculate the highest common divisor of 2280 and o.
120
Suppose 8 = 4*q + 2*l, -4*l + 1 = 6*q - 3*q. Suppose y + 2 - 9 = 0. Let t = y + q. Calculate the highest common factor of 70 and t.
10
Let l(c) = -5*c**2 - 59*c + 2. Let k be l(-5). Calculate the greatest common factor of 144 and k.
4
Let y = -13980 - -14032. What is the highest common factor of 15262 and y?
26
Let y(z) = -z**3 + 12*z**2 + 35*z + 28. Let u be y(-7). What is the greatest common divisor of u and 35?
7
Let m be 15/(-10) + -1 + 558/36. Calculate the greatest common divisor of m and 1768.
13
Let z(r) = 55*r**2 - 96*r**2 + 88 + 0*r**3 + 39*r + r**3. Let k be z(40). What is the highest common divisor of k and 192?
48
Suppose 24 = -154*g + 146*g. Let b be (160/70*g)/((-1)/84). Calculate the highest common factor of 18 and b.
18
Let h(v) = v + 32. Let j be h(6). Suppose f = -4, 5*f = -p + j + 130. Suppose 45 = -w + p. What is the greatest common factor of 13 and w?
13
Let b be ((-32)/1)/((-13)/4 + 3). Suppose 11*n + b = 27*n. What is the greatest common divisor of n and 536?
8
Suppose 3*g + u = 6*u + 1073, 4*u + 16 = 0. Let j(c) = 20*c + 133. Let v be j(-6). Calculate the highest common factor of v and g.
13
Let v be (-40)/((-36)/9) - -7. Suppose -2*z - 4*i + 184 = 0, -z - 18*i + 95 = -v*i. What is the greatest common divisor of 28 and z?
14
Suppose 24 = 2*o + 4. Let r be 12/(-6)*(14/(-10) - (-645)/(-75)). Calculate the greatest common divisor of r and o.
10
Let u be 14*-6 - (-6)/6. Let w = u + 135. Let q(p) = 2*p**3 - 9*p**2 - 5*p + 4. Let l be q(5). Calculate the greatest common factor of l and w.
4
Suppose -2*i + 48 = -16. Suppose -2*l + l = 2. Let h be -2 - (0 + l - 8). Calculate the greatest common divisor of i and h.
8
Let a(b) = 3*b + 5. Let g be a(-1). Suppose -143 = -g*q - 3. Calculate the greatest common divisor of q and 385.
35
Let v = -260 - -985. Calculate the greatest common divisor of 25 and v.
25
Suppose -c - 386 = -b, b + 10*c = 5*c + 398. Calculate the highest common factor of b and 6.
2
Let p = -92 + 50. Let j = 45 + p. Let b be ((-3)/(9/(-7)))/(1/j). What is the greatest common factor of b and 1?
1
Let i(x) = 1 + 1 + 4*x - 1 + 2*x**2 + 3. Let v be i(0). What is the highest common divisor of 76 and v?
4
Suppose 0 = -n + 2*h + 108, 5*h - 143 + 49 = -n. Calculate the greatest common divisor of n and 4628.
52
Suppose -2*f + 556 = 4*s, 376*s + 844 = 3*f + 380*s. Let r be ((-117)/6)/((-6)/8) + -2. What is the greatest common factor of f and r?
24
Suppose -622 = -2*p - 2*m, m + 607 = 13*p - 11*p. Let n be (-6)/(-39)*-1 - (-665)/13. Calculate the greatest common divisor of p and n.
51
Let y(n) be the second derivative of -n**3/6 + 16*n**2 + 23*n. Let c be y(11). Let r = c + -20. Calculate the highest common divisor of r and 4.
1
Suppose 9*z + 107 = 206. S